{"id":14,"date":"2020-02-19T19:51:25","date_gmt":"2020-02-19T19:51:25","guid":{"rendered":"https:\/\/www.estudiarcocinaygastronomia.com\/?page_id=14"},"modified":"2023-03-02T10:50:20","modified_gmt":"2023-03-02T10:50:20","slug":"inicio","status":"publish","type":"page","link":"https:\/\/www.estudiarcocinaygastronomia.com\/","title":{"rendered":"\u00a1C\u00d3METE EL MUNDO!"},"content":{"rendered":"\n<h2 class=\"wp-block-heading\"><strong><a href=\"https:\/\/forms.gle\/1KDQdRa5HCrFUXjP9\" target=\"_blank\" rel=\"noreferrer noopener\">Recursos en l\u00ednea para FP de cocina y pasteler\u00eda<\/a><\/strong><\/h2>\n\n\n\n<p>Date una vuelta por la p\u00e1gina, <strong>encontrar\u00e1s, recetas, organizaci\u00f3n, noticias, esquemas, apuntes, cuestionarios, actualidad, fotos, alimentos curiosos&#8230;..<\/strong>todo relacionado con la cocina, gastronom\u00eda, pasteler\u00eda y panader\u00eda.<\/p>\n\n\n\n<p>Recursos para poder estudiar cocina y gastronom\u00eda en l\u00ednea de forma telem\u00e1tica, <strong>fotos, esquemas, tests, apuntes y v\u00eddeos <\/strong>de cocina que te ayudar\u00e1n en tu formaci\u00f3n como cocinero a distancia. <strong>Ideal apara alumnos que estudian cocina a distancia.<\/strong><\/p>\n\n\n\n<p>Recursos educativos para estudiantes <strong>de cocina y pasteler\u00eda<\/strong> o apasionados de este mundo, en la hosteler\u00eda las reglas est\u00e1n para romperlas, en positivo, <strong>entiende el por qu\u00e9 de los procesos culinarios<\/strong> y deja atr\u00e1s la t\u00edpica frase de : <em>\u00bb Siempre se ha hecho as\u00ed \u00ab<\/em> , con criterio y fundamento, las normas las pones t\u00fa, la clave es el por qu\u00e9 y para qu\u00e9.<\/p>\n\n\n\n<figure class=\"wp-block-image size-large\"><a href=\"https:\/\/www.estudiarcocinaygastronomia.com\/index.php\/recetas\/\"><img loading=\"lazy\" decoding=\"async\" width=\"1024\" height=\"683\" src=\"https:\/\/www.estudiarcocinaygastronomia.com\/wp-content\/uploads\/2020\/02\/28092017-IMG_9503-1024x683.jpg\" alt=\"\" class=\"wp-image-141\" srcset=\"https:\/\/www.estudiarcocinaygastronomia.com\/wp-content\/uploads\/2020\/02\/28092017-IMG_9503-1024x683.jpg 1024w, https:\/\/www.estudiarcocinaygastronomia.com\/wp-content\/uploads\/2020\/02\/28092017-IMG_9503-300x200.jpg 300w, https:\/\/www.estudiarcocinaygastronomia.com\/wp-content\/uploads\/2020\/02\/28092017-IMG_9503-768x512.jpg 768w, https:\/\/www.estudiarcocinaygastronomia.com\/wp-content\/uploads\/2020\/02\/28092017-IMG_9503.jpg 1045w\" sizes=\"auto, (max-width: 706px) 89vw, (max-width: 767px) 82vw, 740px\" \/><\/a><\/figure>\n","protected":false},"excerpt":{"rendered":"<p>Recursos en l\u00ednea para FP de cocina y pasteler\u00eda Date una vuelta por la p\u00e1gina, encontrar\u00e1s, recetas, organizaci\u00f3n, noticias, esquemas, apuntes, cuestionarios, actualidad, fotos, alimentos curiosos&#8230;..todo relacionado con la cocina, gastronom\u00eda, pasteler\u00eda y panader\u00eda. Recursos para poder estudiar cocina y gastronom\u00eda en l\u00ednea de forma telem\u00e1tica, fotos, esquemas, tests, apuntes y v\u00eddeos de cocina que &hellip; <\/p>\n<p class=\"link-more\"><a href=\"https:\/\/www.estudiarcocinaygastronomia.com\/\" class=\"more-link\">Continuar leyendo<span class=\"screen-reader-text\"> \u00ab\u00a1C\u00d3METE EL MUNDO!\u00bb<\/span><\/a><\/p>\n","protected":false},"author":1,"featured_media":0,"parent":0,"menu_order":0,"comment_status":"closed","ping_status":"closed","template":"","meta":{"footnotes":""},"class_list":["post-14","page","type-page","status-publish","hentry"],"yoast_head":"<!-- This site is optimized with the Yoast SEO plugin v23.9 - https:\/\/yoast.com\/wordpress\/plugins\/seo\/ -->\n<title>\u00a1C\u00d3METE EL MUNDO!<\/title>\n<meta name=\"description\" content=\"\ud83e\udd47CURSO DE COCINA. Todo sobre hosteler\u00eda, cocina, gastronom\u00eda, pasteler\u00eda, panader\u00eda y m\u00e1s, a un solo click.\" \/>\n<meta name=\"robots\" content=\"index, follow, max-snippet:-1, max-image-preview:large, max-video-preview:-1\" \/>\n<link rel=\"canonical\" href=\"https:\/\/www.estudiarcocinaygastronomia.com\/\" \/>\n<meta property=\"og:locale\" content=\"es_ES\" \/>\n<meta property=\"og:type\" content=\"article\" \/>\n<meta property=\"og:title\" content=\"\u00a1C\u00d3METE EL MUNDO!\" \/>\n<meta property=\"og:description\" content=\"\ud83e\udd47CURSO DE COCINA. Todo sobre hosteler\u00eda, cocina, gastronom\u00eda, pasteler\u00eda, panader\u00eda y m\u00e1s, a un solo click.\" \/>\n<meta property=\"og:url\" content=\"https:\/\/www.estudiarcocinaygastronomia.com\/\" \/>\n<meta property=\"og:site_name\" content=\"Estudiar cocina y gastronom&iacute;a.\" \/>\n<meta property=\"article:modified_time\" content=\"2023-03-02T10:50:20+00:00\" \/>\n<meta property=\"og:image\" content=\"https:\/\/www.estudiarcocinaygastronomia.com\/wp-content\/uploads\/2020\/02\/28092017-IMG_9503-1024x683.jpg\" \/>\n<meta name=\"twitter:card\" content=\"summary_large_image\" \/>\n<meta name=\"twitter:label1\" content=\"Tiempo de lectura\" \/>\n\t<meta name=\"twitter:data1\" content=\"1 minuto\" \/>\n<script type=\"application\/ld+json\" class=\"yoast-schema-graph\">{\"@context\":\"https:\/\/schema.org\",\"@graph\":[{\"@type\":\"WebPage\",\"@id\":\"https:\/\/www.estudiarcocinaygastronomia.com\/\",\"url\":\"https:\/\/www.estudiarcocinaygastronomia.com\/\",\"name\":\"\u00a1C\u00d3METE EL MUNDO!\",\"isPartOf\":{\"@id\":\"https:\/\/www.estudiarcocinaygastronomia.com\/#website\"},\"primaryImageOfPage\":{\"@id\":\"https:\/\/www.estudiarcocinaygastronomia.com\/#primaryimage\"},\"image\":{\"@id\":\"https:\/\/www.estudiarcocinaygastronomia.com\/#primaryimage\"},\"thumbnailUrl\":\"https:\/\/www.estudiarcocinaygastronomia.com\/wp-content\/uploads\/2020\/02\/28092017-IMG_9503-1024x683.jpg\",\"datePublished\":\"2020-02-19T19:51:25+00:00\",\"dateModified\":\"2023-03-02T10:50:20+00:00\",\"description\":\"\ud83e\udd47CURSO DE COCINA. Todo sobre hosteler\u00eda, cocina, gastronom\u00eda, pasteler\u00eda, panader\u00eda y m\u00e1s, a un solo click.\",\"breadcrumb\":{\"@id\":\"https:\/\/www.estudiarcocinaygastronomia.com\/#breadcrumb\"},\"inLanguage\":\"es\",\"potentialAction\":[{\"@type\":\"ReadAction\",\"target\":[\"https:\/\/www.estudiarcocinaygastronomia.com\/\"]}]},{\"@type\":\"ImageObject\",\"inLanguage\":\"es\",\"@id\":\"https:\/\/www.estudiarcocinaygastronomia.com\/#primaryimage\",\"url\":\"https:\/\/www.estudiarcocinaygastronomia.com\/wp-content\/uploads\/2020\/02\/28092017-IMG_9503.jpg\",\"contentUrl\":\"https:\/\/www.estudiarcocinaygastronomia.com\/wp-content\/uploads\/2020\/02\/28092017-IMG_9503.jpg\",\"width\":1045,\"height\":697,\"caption\":\"Filamento de caramelo.\"},{\"@type\":\"BreadcrumbList\",\"@id\":\"https:\/\/www.estudiarcocinaygastronomia.com\/#breadcrumb\",\"itemListElement\":[{\"@type\":\"ListItem\",\"position\":1,\"name\":\"Portada\",\"item\":\"https:\/\/www.estudiarcocinaygastronomia.com\/\"},{\"@type\":\"ListItem\",\"position\":2,\"name\":\"\u00a1C\u00d3METE EL MUNDO!\"}]},{\"@type\":\"WebSite\",\"@id\":\"https:\/\/www.estudiarcocinaygastronomia.com\/#website\",\"url\":\"https:\/\/www.estudiarcocinaygastronomia.com\/\",\"name\":\"Estudiar cocina y gastronom&iacute;a.\",\"description\":\"Lo mejor de la hosteler&iacute;a y m&aacute;s, a un solo click.\",\"publisher\":{\"@id\":\"https:\/\/www.estudiarcocinaygastronomia.com\/#organization\"},\"potentialAction\":[{\"@type\":\"SearchAction\",\"target\":{\"@type\":\"EntryPoint\",\"urlTemplate\":\"https:\/\/www.estudiarcocinaygastronomia.com\/?s={search_term_string}\"},\"query-input\":{\"@type\":\"PropertyValueSpecification\",\"valueRequired\":true,\"valueName\":\"search_term_string\"}}],\"inLanguage\":\"es\"},{\"@type\":\"Organization\",\"@id\":\"https:\/\/www.estudiarcocinaygastronomia.com\/#organization\",\"name\":\"Estudiar cocina y gastronom&iacute;a.\",\"url\":\"https:\/\/www.estudiarcocinaygastronomia.com\/\",\"logo\":{\"@type\":\"ImageObject\",\"inLanguage\":\"es\",\"@id\":\"https:\/\/www.estudiarcocinaygastronomia.com\/#\/schema\/logo\/image\/\",\"url\":\"https:\/\/www.estudiarcocinaygastronomia.com\/wp-content\/uploads\/2020\/02\/cropped-noname-1.png\",\"contentUrl\":\"https:\/\/www.estudiarcocinaygastronomia.com\/wp-content\/uploads\/2020\/02\/cropped-noname-1.png\",\"width\":323,\"height\":250,\"caption\":\"Estudiar cocina y gastronom&iacute;a.\"},\"image\":{\"@id\":\"https:\/\/www.estudiarcocinaygastronomia.com\/#\/schema\/logo\/image\/\"}}]}<\/script>\n<!-- \/ Yoast SEO plugin. -->","yoast_head_json":{"title":"\u00a1C\u00d3METE EL MUNDO!","description":"\ud83e\udd47CURSO DE COCINA. Todo sobre hosteler\u00eda, cocina, gastronom\u00eda, pasteler\u00eda, panader\u00eda y m\u00e1s, a un solo click.","robots":{"index":"index","follow":"follow","max-snippet":"max-snippet:-1","max-image-preview":"max-image-preview:large","max-video-preview":"max-video-preview:-1"},"canonical":"https:\/\/www.estudiarcocinaygastronomia.com\/","og_locale":"es_ES","og_type":"article","og_title":"\u00a1C\u00d3METE EL MUNDO!","og_description":"\ud83e\udd47CURSO DE COCINA. Todo sobre hosteler\u00eda, cocina, gastronom\u00eda, pasteler\u00eda, panader\u00eda y m\u00e1s, a un solo click.","og_url":"https:\/\/www.estudiarcocinaygastronomia.com\/","og_site_name":"Estudiar cocina y gastronom&iacute;a.","article_modified_time":"2023-03-02T10:50:20+00:00","og_image":[{"url":"https:\/\/www.estudiarcocinaygastronomia.com\/wp-content\/uploads\/2020\/02\/28092017-IMG_9503-1024x683.jpg"}],"twitter_card":"summary_large_image","twitter_misc":{"Tiempo de lectura":"1 minuto"},"schema":{"@context":"https:\/\/schema.org","@graph":[{"@type":"WebPage","@id":"https:\/\/www.estudiarcocinaygastronomia.com\/","url":"https:\/\/www.estudiarcocinaygastronomia.com\/","name":"\u00a1C\u00d3METE EL MUNDO!","isPartOf":{"@id":"https:\/\/www.estudiarcocinaygastronomia.com\/#website"},"primaryImageOfPage":{"@id":"https:\/\/www.estudiarcocinaygastronomia.com\/#primaryimage"},"image":{"@id":"https:\/\/www.estudiarcocinaygastronomia.com\/#primaryimage"},"thumbnailUrl":"https:\/\/www.estudiarcocinaygastronomia.com\/wp-content\/uploads\/2020\/02\/28092017-IMG_9503-1024x683.jpg","datePublished":"2020-02-19T19:51:25+00:00","dateModified":"2023-03-02T10:50:20+00:00","description":"\ud83e\udd47CURSO DE COCINA. Todo sobre hosteler\u00eda, cocina, gastronom\u00eda, pasteler\u00eda, panader\u00eda y m\u00e1s, a un solo click.","breadcrumb":{"@id":"https:\/\/www.estudiarcocinaygastronomia.com\/#breadcrumb"},"inLanguage":"es","potentialAction":[{"@type":"ReadAction","target":["https:\/\/www.estudiarcocinaygastronomia.com\/"]}]},{"@type":"ImageObject","inLanguage":"es","@id":"https:\/\/www.estudiarcocinaygastronomia.com\/#primaryimage","url":"https:\/\/www.estudiarcocinaygastronomia.com\/wp-content\/uploads\/2020\/02\/28092017-IMG_9503.jpg","contentUrl":"https:\/\/www.estudiarcocinaygastronomia.com\/wp-content\/uploads\/2020\/02\/28092017-IMG_9503.jpg","width":1045,"height":697,"caption":"Filamento de caramelo."},{"@type":"BreadcrumbList","@id":"https:\/\/www.estudiarcocinaygastronomia.com\/#breadcrumb","itemListElement":[{"@type":"ListItem","position":1,"name":"Portada","item":"https:\/\/www.estudiarcocinaygastronomia.com\/"},{"@type":"ListItem","position":2,"name":"\u00a1C\u00d3METE EL MUNDO!"}]},{"@type":"WebSite","@id":"https:\/\/www.estudiarcocinaygastronomia.com\/#website","url":"https:\/\/www.estudiarcocinaygastronomia.com\/","name":"Estudiar cocina y gastronom&iacute;a.","description":"Lo mejor de la hosteler&iacute;a y m&aacute;s, a un solo click.","publisher":{"@id":"https:\/\/www.estudiarcocinaygastronomia.com\/#organization"},"potentialAction":[{"@type":"SearchAction","target":{"@type":"EntryPoint","urlTemplate":"https:\/\/www.estudiarcocinaygastronomia.com\/?s={search_term_string}"},"query-input":{"@type":"PropertyValueSpecification","valueRequired":true,"valueName":"search_term_string"}}],"inLanguage":"es"},{"@type":"Organization","@id":"https:\/\/www.estudiarcocinaygastronomia.com\/#organization","name":"Estudiar cocina y gastronom&iacute;a.","url":"https:\/\/www.estudiarcocinaygastronomia.com\/","logo":{"@type":"ImageObject","inLanguage":"es","@id":"https:\/\/www.estudiarcocinaygastronomia.com\/#\/schema\/logo\/image\/","url":"https:\/\/www.estudiarcocinaygastronomia.com\/wp-content\/uploads\/2020\/02\/cropped-noname-1.png","contentUrl":"https:\/\/www.estudiarcocinaygastronomia.com\/wp-content\/uploads\/2020\/02\/cropped-noname-1.png","width":323,"height":250,"caption":"Estudiar cocina y gastronom&iacute;a."},"image":{"@id":"https:\/\/www.estudiarcocinaygastronomia.com\/#\/schema\/logo\/image\/"}}]}},"_links":{"self":[{"href":"https:\/\/www.estudiarcocinaygastronomia.com\/index.php\/wp-json\/wp\/v2\/pages\/14","targetHints":{"allow":["GET"]}}],"collection":[{"href":"https:\/\/www.estudiarcocinaygastronomia.com\/index.php\/wp-json\/wp\/v2\/pages"}],"about":[{"href":"https:\/\/www.estudiarcocinaygastronomia.com\/index.php\/wp-json\/wp\/v2\/types\/page"}],"author":[{"embeddable":true,"href":"https:\/\/www.estudiarcocinaygastronomia.com\/index.php\/wp-json\/wp\/v2\/users\/1"}],"replies":[{"embeddable":true,"href":"https:\/\/www.estudiarcocinaygastronomia.com\/index.php\/wp-json\/wp\/v2\/comments?post=14"}],"version-history":[{"count":8,"href":"https:\/\/www.estudiarcocinaygastronomia.com\/index.php\/wp-json\/wp\/v2\/pages\/14\/revisions"}],"predecessor-version":[{"id":1773,"href":"https:\/\/www.estudiarcocinaygastronomia.com\/index.php\/wp-json\/wp\/v2\/pages\/14\/revisions\/1773"}],"wp:attachment":[{"href":"https:\/\/www.estudiarcocinaygastronomia.com\/index.php\/wp-json\/wp\/v2\/media?parent=14"}],"curies":[{"name":"wp","href":"https:\/\/api.w.org\/{rel}","templated":true}]}}