{"id":2082,"date":"2024-03-26T12:36:42","date_gmt":"2024-03-26T12:36:42","guid":{"rendered":"https:\/\/www.estudiarcocinaygastronomia.com\/?page_id=2082"},"modified":"2024-03-26T12:36:43","modified_gmt":"2024-03-26T12:36:43","slug":"posibles-anomalias-causas-y-correcciones-en-la-elaboracion-de-caramelos-confites-y-golosinas","status":"publish","type":"page","link":"https:\/\/www.estudiarcocinaygastronomia.com\/index.php\/posibles-anomalias-causas-y-correcciones-en-la-elaboracion-de-caramelos-confites-y-golosinas\/","title":{"rendered":"Posibles anomal\u00edas, causas y correcciones en la elaboraci\u00f3n de caramelos, confites y golosinas."},"content":{"rendered":"\n<p><strong>Las problem\u00e1ticas m\u00e1s comunes son las siguientes:<\/strong><\/p>\n\n\n\n<ol class=\"wp-block-list\">\n<li>Evitar la recristalizaci\u00f3n del alm\u00edbar es fundamental para lograr la textura deseada en los caramelos. Esto se logra evitando la falta de castigo en la cocci\u00f3n, el enfriamiento r\u00e1pido de la soluci\u00f3n viscosa o la introducci\u00f3n de solutos. Una soluci\u00f3n efectiva es incorporar alg\u00fan tipo de \u00e1cido o glucosa.<\/li>\n\n\n\n<li>Es importante tener cuidado con la cantidad de \u00e1cido agregado, ya que un exceso puede evitar que los caramelos se endurezcan correctamente, afectando la textura final. Se recomienda a\u00f1adir el \u00e1cido con precauci\u00f3n, utilizando gotas de disoluci\u00f3n generalmente mezcladas al 50% con agua.<\/li>\n\n\n\n<li>El exceso de cocci\u00f3n en las pastas de frutas o gominolas puede resultar en una textura demasiado dura o extra\u00f1a. Para evitar esto, es crucial utilizar un term\u00f3metro y controlar el fuego durante la cocci\u00f3n.<\/li>\n\n\n\n<li>Cuando el az\u00facar adquiere un color m\u00e1s oscuro, el caramelo puede no ser adecuado para ciertas preparaciones, pero a\u00fan puede ser \u00fatil en otras, como en la elaboraci\u00f3n de flanes.<\/li>\n\n\n\n<li>Una cocci\u00f3n demasiado lenta del az\u00facar puede dar como resultado caramelos con una textura blanda debido a una excesiva hidr\u00f3lisis de la sacarosa. Para corregir esto, es necesario cocinar el alm\u00edbar a fuego alto.<\/li>\n\n\n\n<li>Cuando se agrega alg\u00fan \u00e1cido desde el inicio de la cocci\u00f3n de la preparaci\u00f3n, se invierte el az\u00facar y, por tanto, se incrementa la higroscopicidad de los productos. En los caramelos, esto se traduce en textura pegajosa y en que suden.<\/li>\n<\/ol>\n","protected":false},"excerpt":{"rendered":"<p>Las problem\u00e1ticas m\u00e1s comunes son las siguientes:<\/p>\n","protected":false},"author":1,"featured_media":0,"parent":0,"menu_order":0,"comment_status":"closed","ping_status":"closed","template":"","meta":{"footnotes":""},"class_list":["post-2082","page","type-page","status-publish","hentry"],"yoast_head":"<!-- This site is optimized with the Yoast SEO plugin v23.9 - https:\/\/yoast.com\/wordpress\/plugins\/seo\/ -->\n<title>Posibles anomal\u00edas, causas y correcciones en la elaboraci\u00f3n de caramelos, confites y golosinas.<\/title>\n<meta name=\"description\" content=\"Las problem\u00e1ticas m\u00e1s comunes son las siguientes: Evitar la recristalizaci\u00f3n del alm\u00edbar es fundamental para lograr la textura deseada en los caramelos.\" \/>\n<meta name=\"robots\" content=\"index, follow, max-snippet:-1, max-image-preview:large, max-video-preview:-1\" \/>\n<link rel=\"canonical\" href=\"https:\/\/www.estudiarcocinaygastronomia.com\/index.php\/posibles-anomalias-causas-y-correcciones-en-la-elaboracion-de-caramelos-confites-y-golosinas\/\" \/>\n<meta property=\"og:locale\" content=\"es_ES\" \/>\n<meta property=\"og:type\" content=\"article\" \/>\n<meta property=\"og:title\" content=\"Posibles anomal\u00edas, causas y correcciones en la elaboraci\u00f3n de caramelos, confites y golosinas.\" \/>\n<meta property=\"og:description\" content=\"Las problem\u00e1ticas m\u00e1s comunes son las siguientes: Evitar la recristalizaci\u00f3n del alm\u00edbar es fundamental para lograr la textura deseada en los caramelos.\" \/>\n<meta property=\"og:url\" content=\"https:\/\/www.estudiarcocinaygastronomia.com\/index.php\/posibles-anomalias-causas-y-correcciones-en-la-elaboracion-de-caramelos-confites-y-golosinas\/\" \/>\n<meta property=\"og:site_name\" content=\"Estudiar cocina y gastronom&iacute;a.\" \/>\n<meta property=\"article:modified_time\" content=\"2024-03-26T12:36:43+00:00\" \/>\n<meta name=\"twitter:card\" content=\"summary_large_image\" \/>\n<meta name=\"twitter:label1\" content=\"Tiempo de lectura\" \/>\n\t<meta name=\"twitter:data1\" content=\"2 minutos\" \/>\n<script type=\"application\/ld+json\" class=\"yoast-schema-graph\">{\"@context\":\"https:\/\/schema.org\",\"@graph\":[{\"@type\":\"WebPage\",\"@id\":\"https:\/\/www.estudiarcocinaygastronomia.com\/index.php\/posibles-anomalias-causas-y-correcciones-en-la-elaboracion-de-caramelos-confites-y-golosinas\/\",\"url\":\"https:\/\/www.estudiarcocinaygastronomia.com\/index.php\/posibles-anomalias-causas-y-correcciones-en-la-elaboracion-de-caramelos-confites-y-golosinas\/\",\"name\":\"Posibles anomal\u00edas, causas y correcciones en la elaboraci\u00f3n de caramelos, confites y golosinas.\",\"isPartOf\":{\"@id\":\"https:\/\/www.estudiarcocinaygastronomia.com\/#website\"},\"datePublished\":\"2024-03-26T12:36:42+00:00\",\"dateModified\":\"2024-03-26T12:36:43+00:00\",\"description\":\"Las problem\u00e1ticas m\u00e1s comunes son las siguientes: Evitar la recristalizaci\u00f3n del alm\u00edbar es fundamental para lograr la textura deseada en los caramelos.\",\"breadcrumb\":{\"@id\":\"https:\/\/www.estudiarcocinaygastronomia.com\/index.php\/posibles-anomalias-causas-y-correcciones-en-la-elaboracion-de-caramelos-confites-y-golosinas\/#breadcrumb\"},\"inLanguage\":\"es\",\"potentialAction\":[{\"@type\":\"ReadAction\",\"target\":[\"https:\/\/www.estudiarcocinaygastronomia.com\/index.php\/posibles-anomalias-causas-y-correcciones-en-la-elaboracion-de-caramelos-confites-y-golosinas\/\"]}]},{\"@type\":\"BreadcrumbList\",\"@id\":\"https:\/\/www.estudiarcocinaygastronomia.com\/index.php\/posibles-anomalias-causas-y-correcciones-en-la-elaboracion-de-caramelos-confites-y-golosinas\/#breadcrumb\",\"itemListElement\":[{\"@type\":\"ListItem\",\"position\":1,\"name\":\"Portada\",\"item\":\"https:\/\/www.estudiarcocinaygastronomia.com\/\"},{\"@type\":\"ListItem\",\"position\":2,\"name\":\"Posibles anomal\u00edas, causas y correcciones en la elaboraci\u00f3n de caramelos, confites y golosinas.\"}]},{\"@type\":\"WebSite\",\"@id\":\"https:\/\/www.estudiarcocinaygastronomia.com\/#website\",\"url\":\"https:\/\/www.estudiarcocinaygastronomia.com\/\",\"name\":\"Estudiar cocina y gastronom&iacute;a.\",\"description\":\"Lo mejor de la hosteler&iacute;a y m&aacute;s, a un solo click.\",\"publisher\":{\"@id\":\"https:\/\/www.estudiarcocinaygastronomia.com\/#organization\"},\"potentialAction\":[{\"@type\":\"SearchAction\",\"target\":{\"@type\":\"EntryPoint\",\"urlTemplate\":\"https:\/\/www.estudiarcocinaygastronomia.com\/?s={search_term_string}\"},\"query-input\":{\"@type\":\"PropertyValueSpecification\",\"valueRequired\":true,\"valueName\":\"search_term_string\"}}],\"inLanguage\":\"es\"},{\"@type\":\"Organization\",\"@id\":\"https:\/\/www.estudiarcocinaygastronomia.com\/#organization\",\"name\":\"Estudiar cocina y gastronom&iacute;a.\",\"url\":\"https:\/\/www.estudiarcocinaygastronomia.com\/\",\"logo\":{\"@type\":\"ImageObject\",\"inLanguage\":\"es\",\"@id\":\"https:\/\/www.estudiarcocinaygastronomia.com\/#\/schema\/logo\/image\/\",\"url\":\"https:\/\/www.estudiarcocinaygastronomia.com\/wp-content\/uploads\/2020\/02\/cropped-noname-1.png\",\"contentUrl\":\"https:\/\/www.estudiarcocinaygastronomia.com\/wp-content\/uploads\/2020\/02\/cropped-noname-1.png\",\"width\":323,\"height\":250,\"caption\":\"Estudiar cocina y gastronom&iacute;a.\"},\"image\":{\"@id\":\"https:\/\/www.estudiarcocinaygastronomia.com\/#\/schema\/logo\/image\/\"}}]}<\/script>\n<!-- \/ Yoast SEO plugin. -->","yoast_head_json":{"title":"Posibles anomal\u00edas, causas y correcciones en la elaboraci\u00f3n de caramelos, confites y golosinas.","description":"Las problem\u00e1ticas m\u00e1s comunes son las siguientes: Evitar la recristalizaci\u00f3n del alm\u00edbar es fundamental para lograr la textura deseada en los caramelos.","robots":{"index":"index","follow":"follow","max-snippet":"max-snippet:-1","max-image-preview":"max-image-preview:large","max-video-preview":"max-video-preview:-1"},"canonical":"https:\/\/www.estudiarcocinaygastronomia.com\/index.php\/posibles-anomalias-causas-y-correcciones-en-la-elaboracion-de-caramelos-confites-y-golosinas\/","og_locale":"es_ES","og_type":"article","og_title":"Posibles anomal\u00edas, causas y correcciones en la elaboraci\u00f3n de caramelos, confites y golosinas.","og_description":"Las problem\u00e1ticas m\u00e1s comunes son las siguientes: Evitar la recristalizaci\u00f3n del alm\u00edbar es fundamental para lograr la textura deseada en los caramelos.","og_url":"https:\/\/www.estudiarcocinaygastronomia.com\/index.php\/posibles-anomalias-causas-y-correcciones-en-la-elaboracion-de-caramelos-confites-y-golosinas\/","og_site_name":"Estudiar cocina y gastronom&iacute;a.","article_modified_time":"2024-03-26T12:36:43+00:00","twitter_card":"summary_large_image","twitter_misc":{"Tiempo de lectura":"2 minutos"},"schema":{"@context":"https:\/\/schema.org","@graph":[{"@type":"WebPage","@id":"https:\/\/www.estudiarcocinaygastronomia.com\/index.php\/posibles-anomalias-causas-y-correcciones-en-la-elaboracion-de-caramelos-confites-y-golosinas\/","url":"https:\/\/www.estudiarcocinaygastronomia.com\/index.php\/posibles-anomalias-causas-y-correcciones-en-la-elaboracion-de-caramelos-confites-y-golosinas\/","name":"Posibles anomal\u00edas, causas y correcciones en la elaboraci\u00f3n de caramelos, confites y golosinas.","isPartOf":{"@id":"https:\/\/www.estudiarcocinaygastronomia.com\/#website"},"datePublished":"2024-03-26T12:36:42+00:00","dateModified":"2024-03-26T12:36:43+00:00","description":"Las problem\u00e1ticas m\u00e1s comunes son las siguientes: Evitar la recristalizaci\u00f3n del alm\u00edbar es fundamental para lograr la textura deseada en los caramelos.","breadcrumb":{"@id":"https:\/\/www.estudiarcocinaygastronomia.com\/index.php\/posibles-anomalias-causas-y-correcciones-en-la-elaboracion-de-caramelos-confites-y-golosinas\/#breadcrumb"},"inLanguage":"es","potentialAction":[{"@type":"ReadAction","target":["https:\/\/www.estudiarcocinaygastronomia.com\/index.php\/posibles-anomalias-causas-y-correcciones-en-la-elaboracion-de-caramelos-confites-y-golosinas\/"]}]},{"@type":"BreadcrumbList","@id":"https:\/\/www.estudiarcocinaygastronomia.com\/index.php\/posibles-anomalias-causas-y-correcciones-en-la-elaboracion-de-caramelos-confites-y-golosinas\/#breadcrumb","itemListElement":[{"@type":"ListItem","position":1,"name":"Portada","item":"https:\/\/www.estudiarcocinaygastronomia.com\/"},{"@type":"ListItem","position":2,"name":"Posibles anomal\u00edas, causas y correcciones en la elaboraci\u00f3n de caramelos, confites y golosinas."}]},{"@type":"WebSite","@id":"https:\/\/www.estudiarcocinaygastronomia.com\/#website","url":"https:\/\/www.estudiarcocinaygastronomia.com\/","name":"Estudiar cocina y gastronom&iacute;a.","description":"Lo mejor de la hosteler&iacute;a y m&aacute;s, a un solo click.","publisher":{"@id":"https:\/\/www.estudiarcocinaygastronomia.com\/#organization"},"potentialAction":[{"@type":"SearchAction","target":{"@type":"EntryPoint","urlTemplate":"https:\/\/www.estudiarcocinaygastronomia.com\/?s={search_term_string}"},"query-input":{"@type":"PropertyValueSpecification","valueRequired":true,"valueName":"search_term_string"}}],"inLanguage":"es"},{"@type":"Organization","@id":"https:\/\/www.estudiarcocinaygastronomia.com\/#organization","name":"Estudiar cocina y gastronom&iacute;a.","url":"https:\/\/www.estudiarcocinaygastronomia.com\/","logo":{"@type":"ImageObject","inLanguage":"es","@id":"https:\/\/www.estudiarcocinaygastronomia.com\/#\/schema\/logo\/image\/","url":"https:\/\/www.estudiarcocinaygastronomia.com\/wp-content\/uploads\/2020\/02\/cropped-noname-1.png","contentUrl":"https:\/\/www.estudiarcocinaygastronomia.com\/wp-content\/uploads\/2020\/02\/cropped-noname-1.png","width":323,"height":250,"caption":"Estudiar cocina y gastronom&iacute;a."},"image":{"@id":"https:\/\/www.estudiarcocinaygastronomia.com\/#\/schema\/logo\/image\/"}}]}},"_links":{"self":[{"href":"https:\/\/www.estudiarcocinaygastronomia.com\/index.php\/wp-json\/wp\/v2\/pages\/2082","targetHints":{"allow":["GET"]}}],"collection":[{"href":"https:\/\/www.estudiarcocinaygastronomia.com\/index.php\/wp-json\/wp\/v2\/pages"}],"about":[{"href":"https:\/\/www.estudiarcocinaygastronomia.com\/index.php\/wp-json\/wp\/v2\/types\/page"}],"author":[{"embeddable":true,"href":"https:\/\/www.estudiarcocinaygastronomia.com\/index.php\/wp-json\/wp\/v2\/users\/1"}],"replies":[{"embeddable":true,"href":"https:\/\/www.estudiarcocinaygastronomia.com\/index.php\/wp-json\/wp\/v2\/comments?post=2082"}],"version-history":[{"count":1,"href":"https:\/\/www.estudiarcocinaygastronomia.com\/index.php\/wp-json\/wp\/v2\/pages\/2082\/revisions"}],"predecessor-version":[{"id":2083,"href":"https:\/\/www.estudiarcocinaygastronomia.com\/index.php\/wp-json\/wp\/v2\/pages\/2082\/revisions\/2083"}],"wp:attachment":[{"href":"https:\/\/www.estudiarcocinaygastronomia.com\/index.php\/wp-json\/wp\/v2\/media?parent=2082"}],"curies":[{"name":"wp","href":"https:\/\/api.w.org\/{rel}","templated":true}]}}